{"id":108,"date":"2021-01-09T20:28:04","date_gmt":"2021-01-09T19:28:04","guid":{"rendered":"http:\/\/bpfid.be\/?page_id=108"},"modified":"2021-04-21T09:16:13","modified_gmt":"2021-04-21T07:16:13","slug":"notre-fiduciaire","status":"publish","type":"page","link":"https:\/\/bpfid.be\/?page_id=108","title":{"rendered":"Notre fiduciaire"},"content":{"rendered":"\n<p>BP Fid est une fiduciaire comptable situ\u00e9e dans le Hainaut (<strong>Binche &#8211; Anderlues<\/strong>).<\/p>\n\n\n\n<p>Notre bureau est compos\u00e9 de<strong> <\/strong>2 <strong>experts-comptables<\/strong>, cumulant chacun une dizaine d&rsquo;ann\u00e9es d&rsquo;exp\u00e9riences dans le domaine de la <strong>comptabilit\u00e9 et de la fiscalit\u00e9<\/strong>.<\/p>\n\n\n\n<p>Nos principaux services sont les suivants :<\/p>\n\n\n\n<div class=\"wp-block-buttons\">\n<div class=\"wp-block-button\"><a class=\"wp-block-button__link has-background\" href=\"https:\/\/bpfid.be\/?page_id=21\" style=\"background-color:#385ca3\" target=\"_blank\" rel=\"https:\/\/bpfid.be\/?page_id=21 noopener\">Comptabilit\u00e9 et expertise-comptable<\/a><\/div>\n<\/div>\n\n\n\n<div class=\"wp-block-buttons\">\n<div class=\"wp-block-button\"><a class=\"wp-block-button__link has-background\" href=\"https:\/\/bpfid.be\/?page_id=44\" style=\"background-color:#385ca3\" target=\"_blank\" rel=\"noreferrer noopener\">Fiscalit\u00e9<\/a><\/div>\n<\/div>\n\n\n\n<div class=\"wp-block-buttons\">\n<div class=\"wp-block-button\"><a class=\"wp-block-button__link has-background\" href=\"https:\/\/bpfid.be\/?page_id=249\" style=\"background-color:#385ca3\" target=\"_blank\" rel=\"noreferrer noopener\">Management<\/a><\/div>\n<\/div>\n\n\n\n<div class=\"wp-block-buttons\">\n<div class=\"wp-block-button\"><a class=\"wp-block-button__link has-background\" href=\"https:\/\/bpfid.be\/?page_id=253\" style=\"background-color:#385ca3\" target=\"_blank\" rel=\"noreferrer noopener\">Juridique<\/a><\/div>\n<\/div>\n\n\n\n<div class=\"wp-block-buttons\">\n<div class=\"wp-block-button\"><a class=\"wp-block-button__link has-background\" href=\"https:\/\/bpfid.be\/?page_id=256\" style=\"background-color:#385ca3\" target=\"_blank\" rel=\"noreferrer noopener\">Accompagnement&nbsp;et cr\u00e9ation d\u2019entreprises<\/a><\/div>\n<\/div>\n\n\n\n<div class=\"wp-block-buttons\">\n<div class=\"wp-block-button\"><a class=\"wp-block-button__link has-background\" href=\"https:\/\/bpfid.be\/?page_id=258\" style=\"background-color:#385ca3\" target=\"_blank\" rel=\"noreferrer noopener\">Conseils aux entreprises<\/a><\/div>\n<\/div>\n\n\n\n<div class=\"wp-block-buttons\">\n<div class=\"wp-block-button\"><a class=\"wp-block-button__link has-background\" href=\"https:\/\/bpfid.be\/?page_id=261\" style=\"background-color:#385ca3\" target=\"_blank\" rel=\"noreferrer noopener\">R\u00e9alisation de plan financier<\/a><\/div>\n<\/div>\n\n\n\n<div class=\"wp-block-buttons\">\n<div class=\"wp-block-button\"><a class=\"wp-block-button__link has-background\" href=\"https:\/\/bpfid.be\/?page_id=263\" style=\"background-color:#385ca3\" target=\"_blank\" rel=\"noreferrer noopener\">Gestion financi\u00e8re<\/a><\/div>\n<\/div>\n\n\n\n<div class=\"wp-block-buttons\">\n<div class=\"wp-block-button\"><a class=\"wp-block-button__link has-background\" href=\"https:\/\/bpfid.be\/?page_id=267\" style=\"background-color:#385ca3\" target=\"_blank\" rel=\"noreferrer noopener\">Missions r\u00e9serv\u00e9es aux experts-comptables certifi\u00e9s<\/a><\/div>\n<\/div>\n\n\n\n<p><\/p>\n","protected":false},"excerpt":{"rendered":"<div class=\"slide-text-bg2\"><span>BP Fid est une fiduciaire comptable situ\u00e9e dans le Hainaut (Binche &#8211; Anderlues). Notre bureau est compos\u00e9 de 2 experts-comptables, cumulant chacun <\/span><\/div>\n<div class=\"slide-btn-area-sm\"><a href=\"https:\/\/bpfid.be\/?page_id=108\" class=\"slide-btn-sm\">Lire la suite<\/a><\/div>\n","protected":false},"author":1,"featured_media":0,"parent":0,"menu_order":0,"comment_status":"closed","ping_status":"closed","template":"","meta":[],"_links":{"self":[{"href":"https:\/\/bpfid.be\/index.php?rest_route=\/wp\/v2\/pages\/108"}],"collection":[{"href":"https:\/\/bpfid.be\/index.php?rest_route=\/wp\/v2\/pages"}],"about":[{"href":"https:\/\/bpfid.be\/index.php?rest_route=\/wp\/v2\/types\/page"}],"author":[{"embeddable":true,"href":"https:\/\/bpfid.be\/index.php?rest_route=\/wp\/v2\/users\/1"}],"replies":[{"embeddable":true,"href":"https:\/\/bpfid.be\/index.php?rest_route=%2Fwp%2Fv2%2Fcomments&post=108"}],"version-history":[{"count":18,"href":"https:\/\/bpfid.be\/index.php?rest_route=\/wp\/v2\/pages\/108\/revisions"}],"predecessor-version":[{"id":306,"href":"https:\/\/bpfid.be\/index.php?rest_route=\/wp\/v2\/pages\/108\/revisions\/306"}],"wp:attachment":[{"href":"https:\/\/bpfid.be\/index.php?rest_route=%2Fwp%2Fv2%2Fmedia&parent=108"}],"curies":[{"name":"wp","href":"https:\/\/api.w.org\/{rel}","templated":true}]}}