{"id":249,"date":"2021-03-31T10:13:21","date_gmt":"2021-03-31T08:13:21","guid":{"rendered":"https:\/\/bpfid.be\/?page_id=249"},"modified":"2021-04-19T20:59:50","modified_gmt":"2021-04-19T18:59:50","slug":"management","status":"publish","type":"page","link":"https:\/\/bpfid.be\/?page_id=249","title":{"rendered":"Management"},"content":{"rendered":"\n<p>Nous sommes l\u00e0 pour vous \u00e9pauler dans vos d\u00e9cisions.<\/p>\n\n\n\n<p>Nous vous offrons notre expertise en mati\u00e8re juridique, fiscale et sociale<\/p>\n","protected":false},"excerpt":{"rendered":"<div class=\"slide-text-bg2\"><span>Nous sommes l\u00e0 pour vous \u00e9pauler dans vos d\u00e9cisions. Nous vous offrons notre expertise en mati\u00e8re juridique, fiscale et sociale<\/span><\/div>\n","protected":false},"author":1,"featured_media":0,"parent":0,"menu_order":0,"comment_status":"closed","ping_status":"closed","template":"","meta":[],"_links":{"self":[{"href":"https:\/\/bpfid.be\/index.php?rest_route=\/wp\/v2\/pages\/249"}],"collection":[{"href":"https:\/\/bpfid.be\/index.php?rest_route=\/wp\/v2\/pages"}],"about":[{"href":"https:\/\/bpfid.be\/index.php?rest_route=\/wp\/v2\/types\/page"}],"author":[{"embeddable":true,"href":"https:\/\/bpfid.be\/index.php?rest_route=\/wp\/v2\/users\/1"}],"replies":[{"embeddable":true,"href":"https:\/\/bpfid.be\/index.php?rest_route=%2Fwp%2Fv2%2Fcomments&post=249"}],"version-history":[{"count":2,"href":"https:\/\/bpfid.be\/index.php?rest_route=\/wp\/v2\/pages\/249\/revisions"}],"predecessor-version":[{"id":301,"href":"https:\/\/bpfid.be\/index.php?rest_route=\/wp\/v2\/pages\/249\/revisions\/301"}],"wp:attachment":[{"href":"https:\/\/bpfid.be\/index.php?rest_route=%2Fwp%2Fv2%2Fmedia&parent=249"}],"curies":[{"name":"wp","href":"https:\/\/api.w.org\/{rel}","templated":true}]}}